96781?
1
What is the millions digit of 2237675?
2
What is the thousands digit of 649689?
9
What is the hundred thousands digit of 1029258?
0
What is the tens digit of 304080?
8
What is the units digit of 27596657?
7
What is the hundreds digit of 25644678?
6
What is the hundreds digit of 5707383?
3
What is the units digit of 277945?
5
What is the ten thousands digit of 6965840?
6
What is the thousands digit of 29899?
9
What is the hundreds digit of 3121409?
4
What is the thousands digit of 13168054?
8
What is the hundreds digit of 175342?
3
What is the hundred thousands digit of 199032?
1
What is the millions digit of 1279429?
1
What is the tens digit of 221549?
4
What is the thousands digit of 3285672?
5
What is the hundreds digit of 1251541?
5
What is the units digit of 266877?
7
What is the tens digit of 404831?
3
What is the thousands digit of 2494235?
4
What is the hundreds digit of 256173?
1
What is the hundred thousands digit of 489541?
4
What is the millions digit of 4240954?
4
What is the tens digit of 219964?
6
What is the ten thousands digit of 8989405?
8
What is the tens digit of 453592?
9
What is the tens digit of 3775482?
8
What is the units digit of 2564724?
4
What is the thousands digit of 246200?
6
What is the units digit of 2648780?
0
What is the hundred thousands digit of 2918933?
9
What is the thousands digit of 5539949?
9
What is the ten thousands digit of 6429229?
2
What is the units digit of 1932396?
6
What is the units digit of 82443?
3
What is the hundreds digit of 17930571?
5
What is the hundred thousands digit of 309438?
3
What is the tens digit of 58762?
6
What is the ten thousands digit of 269587?
6
What is the units digit of 784044?
4
What is the thousands digit of 156512?
6
What is the ten thousands digit of 495343?
9
What is the hundreds digit of 809094?
0
What is the units digit of 121037?
7
What is the units digit of 356867?
7
What is the ten thousands digit of 27199608?
9
What is the hundred thousands digit of 261367?
2
What is the thousands digit of 6707822?
7
What is the hundreds digit of 37507?
5
What is the hundreds digit of 19204551?
5
What is the tens digit of 1227684?
8
What is the units digit of 1305002?
2
What is the units digit of 1199026?
6
What is the ten thousands digit of 4911620?
1
What is the units digit of 3148112?
2
What is the thousands digit of 244016?
4
What is the millions digit of 3090142?
3
What is the tens digit of 716859?
5
What is the units digit of 388900?
0
What is the tens digit of 164211?
1
What is the thousands digit of 664828?
4
What is the hundreds digit of 47668?
6
What is the units digit of 5662471?
1
What is the units digit of 25713299?
9
What is the thousands digit of 152246?
2
What is the hundred thousands digit of 163477?
1
What is the ten thousands digit of 4677189?
7
What is the millions digit of 1226526?
1
What is the hundreds digit of 487788?
7
What is the tens digit of 16620256?
5
What is the millions digit of 5858968?
5
What is the hundred thousands digit of 14395002?
3
What is the units digit of 3483298?
8
What is the millions digit of 10449126?
0
What is the tens digit of 1269437?
3
What is the thousands digit of 898183?
8
What is the ten thousands digit of 905963?
0
What is the hundreds digit of 4169710?
7
What is the hundred thousands digit of 759810?
7
What is the thousands digit of 162536?
2
What is the units digit of 618286?
6
What is the hundreds digit of 461588?
5
What is the tens digit of 2406723?
2
What is the hundreds digit of 117733?
7
What is the units digit of 423567?
7
What is the hundred thousands digit of 16871875?
8
What is the hundreds digit of 1170557?
5
What is the units digit of 68067?
7
What is the units digit of 7880517?
7
What is the millions digit of 4028386?
4
What is the tens digit of 31680?
8
What is the tens digit of 4941398?
9
What is the ten thousands digit of 39415724?
1
What is the ten millions digit of 10330640?
1
What is the units digit of 33423577?
7
What is the hundreds digit of 20408947?
9
What is the ten millions digit of 25972344?
2
What is the ten thousands digit of 6293721?
9
What is the thousands digit of 1083739?
3
What is the tens digit of 535783?
8
What is the units digit of 30021459?
9
What is the units digit of 2382645?
5
What is the thousands digit of 2041239?
1
What is the units digit of 58691?
1
What is the hundreds digit of 108275?
2
What is the ten millions digit of 15264737?
1
What is the hundred thousands digit of 1229349?
2
What is the hundred thousands digit of 271237?
2
What is the hundred thousands digit of 532111?
5
What is the hundred thousands digit of 4000091?
0
What is the tens digit of 398329?
2
What is the tens digit of 220562?
6
What is the millions digit of 4139788?
4
What is the hundred thousands digit of 242766?
2
What is the thousands digit of 6132582?
2
What is the ten millions digit of 18793537?
1
What is the units digit of 4227664?
4
What is the units digit of 80487?
7
What is the tens digit of 990654?
5
What is the hundreds digit of 1640211?
2
What is the hundred thousands digit of 200104?
2
What is the thousands digit of 887462?
7
What is the ten thousands digit of 57826?
5
What is the units digit of 11009346?
6
What is the hundreds digit of 345193?
1
What is the tens digit of 3160102?
0
What is the hundreds digit of 4271192?
1
What is the units digit of 7037?
7
What is the tens digit of 3384975?
7
What is the units digit of 2439626?
6
What is the ten thousands digit of 3529840?
2
What is the tens digit of 6724175?
7
What is the ten thousands digit of 398253?
9
What is the tens digit of 75784?
8
What is the hundred thousands digit of 214418?
2
What is the ten thousands digit of 3690036?
9
What is the ten thousands digit of 36067876?
6
What is the tens digit of 6476735?
3
What is the tens digit of 1443210?
1
What is the hundreds digit of 5887782?
7
What is the units digit of 3865392?
2
What is the ten thousands digit of 615483?
1
What is the hundreds digit of 759608?
6
What is the tens digit of 16668243?
4
What is the hundreds digit of 437058?
0
What is the tens digit of 3951341?
4
What is the hundreds digit of 9423447?
4
What is the thousands digit of 177046?
7
What is the tens digit of 81305?
0
What is the hundred thousands digit of 3112540?
1
What is the hundreds digit of 1349120?
1
What is the tens digit of 13074904?
0
What is the hundred thousands digit of 20878306?
8
What is the tens digit of 807062?
6
What is the units digit of 1948971?
1
What is the hundred thousands digit of 720508?
7
What is the hundred thousands digit of 128092?
1
What is the hundreds digit of 29413?
4
What is the thousands digit of 149335?
9
What is the ten thousands digit of 323778?
2
What is the hundred thousands digit of 5543646?
5
What is the units digit of 5486868?
8
What is the hundred thousands digit of 3708662?
7
What is the hundreds digit of 247542?
5
What is the tens digit of 378710?
1
What is the thousands digit of 7847842?
7
What is the units digit of 620643?
3
What is the hundreds digit of 41248?
2
What is the ten thousands digit of 94571?
9
What is the ten thousands digit of 1022671?
2
What is the ten thousands digit of 669757?
6
What is the millions digit of 6757508?
6
What is the units digit of 18711179?
9
What is the ten thousands digit of 68195?
6
What is the tens digit of 270930?
3
What is the hundreds digit of 5310597?
5
What is the ten thousands digit of 215815?
1
What is the thousands digit of 166391?
6
What is the thousands digit of 9328881?
8
What is the hundreds digit of 26731?
7
What is the thousands digit of 1406045?
6
What is the hundred thousands digit of 110066?
1
What is the hundred thousands digit of 111686?
1
What is the ten thousands digit of 3635855?
3
What is the tens digit of 78575?
7
What is the millions digit of 1347464?
1
What is the thousands digit of 1608101?
8
What is the hundreds digit of 980844?
8
What is the tens digit of 1725800?
0
What is the ten thousands digit of 136705?
3
What is the hundred thousands digit of 135048?
1
What is the units digit of 11400040?
0
What is the millions digit of 1849917?
1
What is the tens digit of 188003?
0
What is the tens digit of 39773360?
6
What is the thousands digit of 2423050?
3
What is the hundreds digit of 434610?
6
What